{"id":62,"date":"2013-05-22T21:15:39","date_gmt":"2013-05-22T21:15:39","guid":{"rendered":"http:\/\/palaestra.mimochodem.info\/?page_id=62"},"modified":"2024-10-22T17:46:01","modified_gmt":"2024-10-22T16:46:01","slug":"socialni-oblast","status":"publish","type":"page","link":"https:\/\/palaestra.ecn.cz\/?page_id=62","title":{"rendered":"Poradenstv\u00ed"},"content":{"rendered":"<p><strong>2024<\/strong><\/p>\n<p>Projekt, Spolek Palaestra pokra\u010duje i nad\u00e1le a to d\u00edky podpo\u0159e M\u0160MT.<\/p>\n<p><strong>2023<\/strong><\/p>\n<p>Projekt, Spolek Palaestra pokra\u010duje i nad\u00e1le.<\/p>\n<p><strong>2022<\/strong><\/p>\n<p>Projekt, Spolek Palaestra pokra\u010duje i nad\u00e1le a to d\u00edky podpo\u0159e M\u0160MT.<\/p>\n<p><strong>2021<\/strong><\/p>\n<p>Projekt, Spolek Palaestra pokra\u010duje i nad\u00e1le a to d\u00edky podpo\u0159e M\u0160MT.<\/p>\n<p><strong>2020<\/strong><\/p>\n<p>Projekt, Spolek Palaestra pokra\u010duje i nad\u00e1le a to d\u00edky podpo\u0159e M\u0160MT.<\/p>\n<p><strong>2019<\/strong><\/p>\n<p>Projekt, Spolek Palaestra pokra\u010duje i nad\u00e1le a to d\u00edky podpo\u0159e M\u0160MT<\/p>\n<p><strong>2018<\/strong><\/p>\n<p>I nad\u00e1le pokra\u010duje Komunitn\u00ed vzd\u011bl\u00e1v\u00e1c\u00ed projekt podpo\u0159en\u00fd \u00daV.<\/p>\n<p><strong>2017<\/strong><\/p>\n<p>I nad\u00e1le pokra\u010duje Komunitn\u00ed vzd\u011bl\u00e1v\u00e1c\u00ed projekt podpo\u0159en\u00fd \u00daV.<\/p>\n<p><strong>2016<\/strong><\/p>\n<p>I nad\u00e1le pokra\u010duje Komunitn\u00ed vzd\u011bl\u00e1v\u00e1c\u00ed projekt podpo\u0159en\u00fd \u00daV.<\/p>\n<p><strong> 2015<\/strong><\/p>\n<p>V roce 2015 jsme byli podpo\u0159eni \u00da\u0159adem vl\u00e1dy a to pro projekt Komuitn\u00ed sportovn\u011b-vd\u011bl\u00e1vac\u00ed centrum. Tento projekt n\u00e1m umo\u017enil pokra\u010dovat v ji\u017e yapo\u010dat\u00e9 pr\u00e1ci a rozvinout j\u00ed v oblasti komunitn\u00ed pr\u00e1ce.<\/p>\n<p><a href=\"http:\/\/palaestra.ecn.cz\/wp-content\/uploads\/DSC02160.jpg\"><img decoding=\"async\" loading=\"lazy\" class=\"alignnone size-medium wp-image-599\" src=\"http:\/\/palaestra.ecn.cz\/wp-content\/uploads\/DSC02160-300x225.jpg\" alt=\"DSC02160\" width=\"300\" height=\"225\" srcset=\"https:\/\/palaestra.ecn.cz\/wp-content\/uploads\/DSC02160-300x225.jpg 300w, https:\/\/palaestra.ecn.cz\/wp-content\/uploads\/DSC02160-1024x768.jpg 1024w, https:\/\/palaestra.ecn.cz\/wp-content\/uploads\/DSC02160-624x468.jpg 624w\" sizes=\"(max-width: 300px) 100vw, 300px\" \/><\/a> <a href=\"http:\/\/palaestra.ecn.cz\/wp-content\/uploads\/DSC02162.jpg\"><img decoding=\"async\" loading=\"lazy\" class=\"alignnone size-medium wp-image-600\" src=\"http:\/\/palaestra.ecn.cz\/wp-content\/uploads\/DSC02162-300x225.jpg\" alt=\"DSC02162\" width=\"300\" height=\"225\" srcset=\"https:\/\/palaestra.ecn.cz\/wp-content\/uploads\/DSC02162-300x225.jpg 300w, https:\/\/palaestra.ecn.cz\/wp-content\/uploads\/DSC02162-1024x768.jpg 1024w, https:\/\/palaestra.ecn.cz\/wp-content\/uploads\/DSC02162-624x468.jpg 624w\" sizes=\"(max-width: 300px) 100vw, 300px\" \/><\/a> <a href=\"http:\/\/palaestra.ecn.cz\/wp-content\/uploads\/DSC02166.jpg\"><img decoding=\"async\" loading=\"lazy\" class=\"alignnone size-medium wp-image-601\" src=\"http:\/\/palaestra.ecn.cz\/wp-content\/uploads\/DSC02166-300x225.jpg\" alt=\"DSC02166\" width=\"300\" height=\"225\" srcset=\"https:\/\/palaestra.ecn.cz\/wp-content\/uploads\/DSC02166-300x225.jpg 300w, https:\/\/palaestra.ecn.cz\/wp-content\/uploads\/DSC02166-1024x768.jpg 1024w, https:\/\/palaestra.ecn.cz\/wp-content\/uploads\/DSC02166-624x468.jpg 624w\" sizes=\"(max-width: 300px) 100vw, 300px\" \/><\/a> <a href=\"http:\/\/palaestra.ecn.cz\/wp-content\/uploads\/DSC02169.jpg\"><img decoding=\"async\" loading=\"lazy\" class=\"alignnone size-medium wp-image-602\" src=\"http:\/\/palaestra.ecn.cz\/wp-content\/uploads\/DSC02169-300x225.jpg\" alt=\"DSC02169\" width=\"300\" height=\"225\" srcset=\"https:\/\/palaestra.ecn.cz\/wp-content\/uploads\/DSC02169-300x225.jpg 300w, https:\/\/palaestra.ecn.cz\/wp-content\/uploads\/DSC02169-1024x768.jpg 1024w, https:\/\/palaestra.ecn.cz\/wp-content\/uploads\/DSC02169-624x468.jpg 624w\" sizes=\"(max-width: 300px) 100vw, 300px\" \/><\/a><\/p>\n<p><strong><a href=\"http:\/\/palaestra.ecn.cz\/wp-content\/uploads\/DSC02154.jpg\"><img decoding=\"async\" loading=\"lazy\" src=\"http:\/\/palaestra.ecn.cz\/wp-content\/uploads\/DSC02154-300x225.jpg\" alt=\"DSC02154\" width=\"300\" height=\"225\" \/><\/a><strong><a href=\"http:\/\/palaestra.ecn.cz\/wp-content\/uploads\/DSC02157.jpg\"><img decoding=\"async\" loading=\"lazy\" src=\"http:\/\/palaestra.ecn.cz\/wp-content\/uploads\/DSC02157-300x225.jpg\" alt=\"DSC02157\" width=\"300\" height=\"225\" \/><\/a><\/strong><\/strong><\/p>\n<p><strong>2014<\/strong><\/p>\n<p>V roce 2014 jsme \u00fasp\u011b\u0161n\u011b pokracovali v na\u0161\u00ed \u010dinnosti a dos\u00e1hli c\u00edl\u016f, kter\u00e9 jsme si vyty\u010dili v oblasti poskytov\u00e1n\u00ed soci\u00e1ln\u00edch slu\u017eeb.<\/p>\n<p><strong>2013<\/strong><\/p>\n<p>V roce 2013 jsme \u00fasp\u011b\u0161n\u011b zrealizovali na\u0161e c\u00edle, a z\u00edskali tak nov\u00e9 zku\u0161enosti v oblasti poskytov\u00e1n\u00ed soci\u00e1ln\u00edch slu\u017eeb dle z\u00e1kona o soci\u00e1ln\u00edch slu\u017eb\u00e1ch.<\/p>\n<p><span style=\"color: #000000; font-family: Verdana; font-size: small;\"><b>2012<\/b><\/span><\/p>\n<p><span style=\"color: #000000; font-family: Verdana; font-size: small;\">V roce 2012 jsme z\u00edskali ke dni 19. b\u0159ezna registraci pro poskytov\u00e1n\u00ed soci\u00e1ln\u00edch slu\u017eeb. D\u00e1le jsme pokra\u010dovali v b\u011b\u017en\u00e9 soci\u00e1ln\u00ed pr\u00e1ci s na\u0161imi klienty. Slu\u017eeb soci\u00e1ln\u00edho pracovn\u00edka vyu\u017eilo b\u011bhem roku 17 klient\u016f. Klinick\u00fd psycholog se v\u011bnoval 10 klient\u016fm, pro kter\u00e9 byl vypracov\u00e1n individu\u00e1ln\u00ed pl\u00e1n rozvoje. Ten je realizov\u00e1n v\u0161emi pracovn\u00edky centra v r\u00e1mci b\u011b\u017en\u00e9 \u010dinnosti.<\/span><\/p>\n<hr \/>\n<p><span style=\"color: #000000; font-family: Verdana; font-size: small;\"><b>2011<\/b><\/span><\/p>\n<p><span style=\"color: #000000; font-family: Verdana; font-size: small;\">V roce 2011 po p\u0159est\u011bhov\u00e1n\u00ed do nov\u00fdch prostor do\u0161lo k obnoven\u00ed soci\u00e1ln\u00edho programu. Klient\u016fm (pop\u0159. jejich rodin\u00e1m) je nab\u00edzena soci\u00e1ln\u00ed pomoc p\u0159i \u0159e\u0161en\u00ed b\u011b\u017en\u00fdch probl\u00e9m\u016f nap\u0159. v oblasti \u0161koln\u00ed doch\u00e1zky, rodinn\u00fdch pot\u00ed\u017e\u00ed, ve oblasti financ\u00ed \u010di bydlen\u00ed apod. V tomto roce jsme v r\u00e1mci profesionalizace na\u0161ich slu\u017eeb p\u0159ipravili \u017e\u00e1dost o registraci soci\u00e1ln\u00edch slu\u017eeb, kter\u00e1 byla pod\u00e1na v prosinci 2011.<\/span><\/p>\n<hr \/>\n<p><span style=\"color: #000000; font-family: Verdana; font-size: small;\"><b>2009 &#8211; 2010<\/b><\/span><\/p>\n<p><span style=\"color: #000000; font-family: Verdana; font-size: small;\">V roce 2009 a 2010 o. s. Palaestra nez\u00edskala finance na \u010dinnost v soci\u00e1ln\u00ed oblasti, ale pokra\u010dovala v realizaci volno\u010dasov\u00fdch, sportovn\u00edch aktivit a mimo\u0161koln\u00edho vzd\u011bl\u00e1v\u00e1n\u00ed.<\/span><\/p>\n<hr \/>\n<p><span style=\"color: #000000; font-family: Verdana; font-size: small;\"><b>2008<\/b><\/span><\/p>\n<p><span style=\"color: #000000; font-family: Verdana; font-size: small;\"><b> Sportovn\u011b-vzd\u011bl\u00e1vac\u00ed a integra\u010dn\u00ed centrum<\/b><\/span><\/p>\n<p><span style=\"color: #000000; font-family: Verdana; font-size: small;\">V roce 2008 byly i nad\u00e1le poskytov\u00e1ny slu\u017eby v oblasti integrace osob ohro\u017een\u00fdch soci\u00e1ln\u00edm vylou\u010den\u00edm a to i navzdory omezen\u00fdm finan\u010dn\u00edm prost\u0159edk\u016fm. Pro na\u0161e klienty byly zaji\u0161\u0165ov\u00e1ny volno\u010dasov\u00e9 aktivity, vzd\u011bl\u00e1v\u00e1n\u00ed a poradenstv\u00ed.<\/span><\/p>\n<p><span style=\"color: #000000; font-family: Verdana; font-size: small;\">Ve sportovn\u00edm centrum v Americk\u00e9 ulici \u010d. 6 bylo op\u011bt nab\u00edzeno sportovn\u00ed vy\u017eit\u00ed \u2013 box a dal\u0161\u00ed sportovn\u00ed aktivity ve spolupr\u00e1ci s dobrovoln\u00edky. Ve vzd\u011bl\u00e1vac\u00edm centru V T\u016fn\u00edch \u010d. 11 prob\u00edhalo d\u00e1le dou\u010dov\u00e1n\u00ed d\u011bt\u00ed, sch\u016fzky s rodi\u010di a bezplatn\u00e9 poradenstv\u00ed. <\/span><\/p>\n<hr \/>\n<p><span style=\"color: #000000;\"><b><span style=\"font-family: Verdana; font-size: small;\">2007<\/span><\/b><\/span><\/p>\n<p><span style=\"color: #000000;\"><b><span style=\"font-family: Verdana; font-size: small;\">P\u0158EDCH\u00c1ZEN\u00cd SOCI\u00c1LN\u00cdMU VYLOU\u010cEN\u00cd V ROMSK\u00ddCH KOMUNIT\u00c1CH A ODSTRA\u0147OV\u00c1N\u00cd JEHO D\u016eSLEDK\u016e, MPSV 2007<br \/>\nSportovn\u011b-vzd\u011bl\u00e1vac\u00ed a integra\u010dn\u00ed centrum <\/span><\/b><\/span><\/p>\n<p><span style=\"color: #000000; font-family: Verdana; font-size: small;\">Projekt navazuje a d\u00e1le rozv\u00edj\u00ed aktivity o.s. Palestra v oblasti integrace osob ohro\u017een\u00fdch soci\u00e1ln\u00edm vylou\u010den\u00edm, a to formou volno\u010dasov\u00fdch aktivit, vzd\u011bl\u00e1v\u00e1n\u00ed a poradenstv\u00ed- tj. n\u00e1stroj\u016f aplikuj\u00edc\u00edch filozofii na\u0161eho sdru\u017een\u00ed v praxi. C\u00edlem projektu je pokra\u010dovat v zapo\u010dat\u00e9 \u010dinnosti a d\u00e1le rozv\u00edjet n\u00edzkoprahov\u00e9 sportovn\u00ed a vzd\u011bl\u00e1vac\u00ed centrum, kter\u00e9 tak\u00e9 funguje jako komunitn\u00ed. <\/span><\/p>\n<p><span style=\"color: #000000; font-family: Verdana; font-size: small;\">V r\u00e1mci projektu je klient\u016fm umo\u017en\u011bno vyu\u017e\u00edvat centra volno\u010dasov\u00fdch aktivit v Americk\u00e9 ulici \u010d\u00edslo 6 (sportovn\u00ed vy\u017eit\u00ed \u2013 box a dal\u0161\u00ed sportovn\u00ed aktivity ve spolupr\u00e1ci s dobrovoln\u00edky) a kontaktn\u00edho a vzd\u011bl\u00e1vac\u00edho centra V T\u016fn\u00edch \u010d. 11 (zde prob\u00edh\u00e1 dou\u010dov\u00e1n\u00ed d\u011bt\u00ed, sch\u016fzky s rodi\u010di, poradenstv\u00ed a supervizn\u00ed setk\u00e1v\u00e1n\u00ed). <\/span><\/p>\n<hr \/>\n<p><span style=\"color: #000000;\"><b><span style=\"font-family: Verdana; font-size: small;\">2006<\/span><\/b><\/span><\/p>\n<p><span style=\"color: #000000;\"><b><span style=\"font-family: Verdana; font-size: small;\">Podpora \u00fasp\u011b\u0161n\u00e9 \u0161koln\u00ed integrace d\u011bt\u00ed ze soci\u00e1ln\u011b slab\u00e9ho prost\u0159ed\u00ed\u201c <\/span><\/b><\/span><\/p>\n<p><span style=\"color: #000000; font-family: Verdana; font-size: small;\">Popis<br \/>\nProjekt \u201ePodpora \u00fasp\u011b\u0161n\u00e9 \u0161koln\u00ed integrace d\u011bt\u00ed ze soci\u00e1ln\u011b slab\u00e9ho prost\u0159ed\u00ed\u201c reaguje na pot\u0159eby soci\u00e1ln\u011b ohro\u017een\u00fdch rodin d\u011bt\u00ed se specifick\u00fdmi v\u00fdvojov\u00fdmi poruchami (zejm\u00e9na poruchou pozornosti s hyperaktivitou AD(H)D a specifick\u00fdmi poruchami u\u010den\u00ed) p\u0159i \u00fasp\u011b\u0161n\u00e9 integraci do b\u011b\u017en\u00e9ho vzd\u011bl\u00e1vac\u00edho syst\u00e9mu, pota\u017emo do cel\u00e9 spole\u010dnosti. Projekt je zam\u011b\u0159en na vyhled\u00e1v\u00e1n\u00ed, soci\u00e1ln\u00ed a edukativn\u00ed podporu t\u011bchto d\u011bt\u00ed a rodin.<br \/>\nProjekt je realizov\u00e1n od \u010dervence 2005 doposud. V pr\u016fb\u011bhu jeho realizace bylo do projektu zapojeno ji\u017e 59 d\u011bt\u00ed, z nich\u017e 39 d\u011bt\u00ed vyu\u017e\u00edv\u00e1 poradensk\u00fdch a dobrovolnick\u00fdch aktivit a dal\u0161\u00edch d\u011bt\u00ed pravideln\u011b nav\u0161t\u011bvuje n\u00edzkoprahov\u00e9 sportovn\u00ed centrum. Na realizaci dobrovolnick\u00fdch aktivit se postupn\u011b spolupod\u00edlelo 17 dobrovoln\u00edk\u016f. <\/span><\/p>\n<p><span style=\"color: #000000; font-family: Verdana; font-size: small;\">Nab\u00edzen\u00e9 slu\u017eby<br \/>\n1) V\u00fdchovn\u00e9 poradenstv\u00ed<br \/>\nV tomto typu poradenstv\u00ed jde zejm\u00e9na o to, aby rodi\u010de pochopili v \u010dem specifick\u00e9 v\u00fdvojov\u00e9 poruchy spo\u010d\u00edvaj\u00ed, jak\u00e9 jsou jejich projevy a jak je lze napravit. Dostanou zde praktick\u00e9 rady jak se s d\u00edt\u011btem u\u010dit, jak tr\u00e9novat jeho pozornost a pam\u011b\u0165, jak omezovat ne\u017e\u00e1douc\u00ed projevy chov\u00e1n\u00ed d\u00edt\u011bte, apod.. Rovn\u011b\u017e maj\u00ed mo\u017enost nau\u010dit se pou\u017e\u00edvat n\u011bkter\u00e9 u\u010debn\u00ed pom\u016fcky, kter\u00e9 slou\u017e\u00ed ke korekci projev\u016f t\u011bchto poruch, nap\u0159. \u010dtec\u00ed tabulka pro dyslektiky.<br \/>\n2) Soci\u00e1ln\u00ed poradenstv\u00ed<br \/>\nSoci\u00e1ln\u00ed poradenstv\u00ed je poskytov\u00e1no rodi\u010d\u016fm p\u0159edev\u0161\u00edm za \u00fa\u010delem zlep\u0161en\u00ed jejich soci\u00e1ln\u00edch obt\u00ed\u017e\u00ed, kter\u00e9 mohou souviset s v\u00fdchovou d\u00edt\u011bte s specifick\u00fdmi v\u00fdvojov\u00fdmi poruchami. Jedn\u00e1 se p\u0159edev\u0161\u00edm o zprost\u0159edkov\u00e1n\u00ed a posilov\u00e1n\u00ed kontaktu se \u0161kolsk\u00fdmi za\u0159\u00edzen\u00edmi (podpora p\u0159i vyjedn\u00e1v\u00e1n\u00ed a realizaci individu\u00e1ln\u00edch vzd\u011bl\u00e1vac\u00edch pl\u00e1n\u016f, mo\u017enosti asistent\u016f ve \u0161kole, apod.), organizacemi zaji\u0161\u0165uj\u00edc\u00edmi volno\u010dasov\u00e9 aktivity pro d\u011bti, st\u00e1tn\u00edmi institucemi zab\u00fdvaj\u00edc\u00edmi se p\u00e9\u010d\u00ed o d\u011bti.<br \/>\n3) Dobrovolnick\u00e9 slu\u017eby<br \/>\nV p\u0159\u00edpad\u011b z\u00e1jmu rodiny lze vyu\u017e\u00edt slu\u017eeb speci\u00e1ln\u011b vy\u0161kolen\u00fdch dobrovoln\u00edk\u016f, kte\u0159\u00ed mohou pomoci s realizac\u00ed rozvojov\u00e9ho pl\u00e1nu p\u0159\u00edmo v rodin\u011b prost\u0159ednictv\u00edm dou\u010dov\u00e1n\u00ed, rozvojem tvo\u0159ivosti d\u00edt\u011bte, tr\u00e9ninkem jeho pozornosti a pam\u011bti, n\u00e1cvikem spr\u00e1vn\u00fdch u\u010debn\u00edch n\u00e1vyk\u016f a dovednost\u00ed. Ka\u017ed\u00fd dobrovoln\u00edk pracuje v jedn\u00e9 klientsk\u00e9 rodin\u011b po dobu cel\u00e9ho \u0161koln\u00edho roku. V rodin\u011b pracuje minim\u00e1ln\u011b 2&#215;1,5 hodiny t\u00fddn\u011b.<br \/>\n4) Slu\u017eby kontaktn\u00edho pracovn\u00edka<br \/>\nKontaktn\u00ed pracovn\u00edk spolupracuje nejen se v\u0161emi zam\u011bstnanci projektu, p\u0159\u00edslu\u0161n\u00fdm dobrovoln\u00edkem a rodinou, ale z\u00e1rove\u0148 zprost\u0159edkov\u00e1v\u00e1 spojen\u00ed i s dal\u0161\u00edmi institucemi, nap\u0159. p\u0159\u00edslu\u0161nou \u0161kolou, pedagogicko-psychologickou poradnou, apod. Jeho hlavn\u00edm \u00fakolem je monitorovat situaci v rodin\u011b, b\u00fdt poradcem pro rodi\u010de, motivovat je ke spolupr\u00e1ci, pom\u00e1hat jim v kontaktu se \u0161kolou, apod. <\/span><\/p>\n<p><span style=\"color: #000000; font-family: Verdana; font-size: small;\">Charakteristika slu\u017eby:<br \/>\nS\u00eddlo projektu: V T\u016fn\u00edch 11, Praha 2, 3. patro<br \/>\nSp\u00e1dov\u00e1 oblast: Hl. m\u011bsto Praha <\/span><\/p>\n<p><span style=\"color: #000000; font-family: Verdana; font-size: small;\">Kontaktn\u00ed osoby:<br \/>\nJan Balog, kontaktn\u00ed pracovn\u00edk<br \/>\nAl\u017eb\u011bta Swiatkov\u00e1 \u2013 koordin\u00e1torka dobrovoln\u00edk\u016f<\/span><\/p>\n","protected":false},"excerpt":{"rendered":"<p>2024 Projekt, Spolek Palaestra pokra\u010duje i nad\u00e1le a to d\u00edky podpo\u0159e M\u0160MT. 2023 Projekt, Spolek Palaestra pokra\u010duje i nad\u00e1le. 2022 Projekt, Spolek Palaestra pokra\u010duje i nad\u00e1le a to d\u00edky podpo\u0159e M\u0160MT. 2021 Projekt, Spolek Palaestra pokra\u010duje i nad\u00e1le a to d\u00edky podpo\u0159e M\u0160MT. 2020 Projekt, Spolek Palaestra pokra\u010duje i nad\u00e1le a to d\u00edky podpo\u0159e M\u0160MT. [&hellip;]<\/p>\n","protected":false},"author":1,"featured_media":0,"parent":0,"menu_order":2,"comment_status":"open","ping_status":"open","template":"page-templates\/full-width.php","meta":{"footnotes":""},"_links":{"self":[{"href":"https:\/\/palaestra.ecn.cz\/index.php?rest_route=\/wp\/v2\/pages\/62"}],"collection":[{"href":"https:\/\/palaestra.ecn.cz\/index.php?rest_route=\/wp\/v2\/pages"}],"about":[{"href":"https:\/\/palaestra.ecn.cz\/index.php?rest_route=\/wp\/v2\/types\/page"}],"author":[{"embeddable":true,"href":"https:\/\/palaestra.ecn.cz\/index.php?rest_route=\/wp\/v2\/users\/1"}],"replies":[{"embeddable":true,"href":"https:\/\/palaestra.ecn.cz\/index.php?rest_route=%2Fwp%2Fv2%2Fcomments&post=62"}],"version-history":[{"count":20,"href":"https:\/\/palaestra.ecn.cz\/index.php?rest_route=\/wp\/v2\/pages\/62\/revisions"}],"predecessor-version":[{"id":820,"href":"https:\/\/palaestra.ecn.cz\/index.php?rest_route=\/wp\/v2\/pages\/62\/revisions\/820"}],"wp:attachment":[{"href":"https:\/\/palaestra.ecn.cz\/index.php?rest_route=%2Fwp%2Fv2%2Fmedia&parent=62"}],"curies":[{"name":"wp","href":"https:\/\/api.w.org\/{rel}","templated":true}]}}