{"id":64,"date":"2013-05-22T21:16:23","date_gmt":"2013-05-22T21:16:23","guid":{"rendered":"http:\/\/palaestra.mimochodem.info\/?page_id=64"},"modified":"2024-10-22T17:49:59","modified_gmt":"2024-10-22T16:49:59","slug":"vzdelavani","status":"publish","type":"page","link":"http:\/\/palaestra.ecn.cz\/?page_id=64","title":{"rendered":"Vzd\u011bl\u00e1v\u00e1n\u00ed"},"content":{"rendered":"<p>N\u00e1\u0161 spolek podepsal na sklonku roku 2019 smlouvu o spolupr\u00e1ci s ROM Praha z.s. Tato smlouva je k zaji\u0161t\u011bn\u00ed realizace projektu Spole\u010dn\u011b rozv\u00edj\u00edme romskou ob\u010danskou spole\u010dnost. V r\u00e1mci programu LP- Program Lidsk\u00e1 pr\u00e1va spolufinancovan\u00e9ho z Finan\u010dn\u00edch mechanizm\u016f Norsk\u00e9 fondy 2014 &#8211; 2021. Poskytovatelem finan\u010dn\u00edch prost\u0159edk\u016f na realizaci Projektu je Ministerstvo financ\u00ed \u010cR. V\u00edce informac\u00ed naleznete na tomto odkazu:<\/p>\n<p><a href=\"http:\/\/palaestra.ecn.cz\/?attachment_id=783\" rel=\"attachment wp-att-783\">Plak\u00e1t norsk\u00e9 fondy<\/a><\/p>\n<p><strong>2024<\/strong><\/p>\n<p>Projekt, Spolek Palaestra pokra\u010duje i nad\u00e1le a to d\u00edky podpo\u0159e M\u0160MT<\/p>\n<p><strong>2023<\/strong><\/p>\n<p>Projekt, Spolek Palaestra pokra\u010duje i nad\u00e1le<\/p>\n<p><strong>2022<\/strong><\/p>\n<p>Projekt, Spolek Palaestra pokra\u010duje i nad\u00e1le a to d\u00edky podpo\u0159e M\u0160MT<\/p>\n<p><a href=\"http:\/\/palaestra.ecn.cz\/?attachment_id=808\" rel=\"attachment wp-att-808\"><img decoding=\"async\" loading=\"lazy\" class=\"wp-image-808 alignnone\" src=\"http:\/\/palaestra.ecn.cz\/wp-content\/uploads\/20221109_165459-1024x576.jpg\" alt=\"\" width=\"206\" height=\"366\" \/><\/a><a href=\"http:\/\/palaestra.ecn.cz\/?attachment_id=807\" rel=\"attachment wp-att-807\"><img decoding=\"async\" loading=\"lazy\" class=\"wp-image-807 alignnone\" src=\"http:\/\/palaestra.ecn.cz\/wp-content\/uploads\/20221109_165446-1024x576.jpg\" alt=\"\" width=\"206\" height=\"366\" \/><\/a><\/p>\n<p><strong>2021<\/strong><\/p>\n<p>Projekt, Spolek Palaestra pokra\u010duje i nad\u00e1le a to d\u00edky podpo\u0159e M\u0160MT<\/p>\n<p><strong>2020<\/strong><\/p>\n<p>Projekt, Spolek Palaestra pokra\u010duje i nad\u00e1le a to d\u00edky podpo\u0159e M\u0160MT<\/p>\n<p><strong>2019<\/strong><\/p>\n<p>Projekt, Spolek Palaestra pokra\u010duje i nad\u00e1le a to d\u00edky podpo\u0159e M\u0160MT.<\/p>\n<p><strong>2018<\/strong><\/p>\n<p>I nad\u00e1le pokra\u010duje Komunitn\u00ed vzd\u011bl\u00e1v\u00e1c\u00ed projekt podpo\u0159en\u00fd \u00daV.<\/p>\n<p><strong>2017<\/strong><\/p>\n<p>I nad\u00e1le pokra\u010duje Komunitn\u00ed vzd\u011bl\u00e1v\u00e1c\u00ed projekt podpo\u0159en\u00fd \u00daV.<\/p>\n<p><strong>2016<\/strong><\/p>\n<p>I nad\u00e1le pokra\u010duje Komunitn\u00ed vzd\u011bl\u00e1v\u00e1c\u00ed projekt podpo\u0159en\u00fd \u00daV.<\/p>\n<p><strong>2015<\/strong><\/p>\n<p>V roce 2015 jsme byli podpo\u0159eni M\u0160MT\u00a0 to z dota\u010dn\u00edho programu a to na podporu integrace romsk\u00e9 komunity. Jednalo se o projekt &#8218;Sportovn\u011b-vzd\u011bl\u00e1vac\u00ed centrum&#8216;.<\/p>\n<p><strong><a href=\"http:\/\/palaestra.ecn.cz\/wp-content\/uploads\/DSC02161.jpg\"><img decoding=\"async\" loading=\"lazy\" class=\"alignnone size-medium wp-image-591\" src=\"http:\/\/palaestra.ecn.cz\/wp-content\/uploads\/DSC02161-300x225.jpg\" alt=\"DSC02161\" width=\"300\" height=\"225\" srcset=\"http:\/\/palaestra.ecn.cz\/wp-content\/uploads\/DSC02161-300x225.jpg 300w, http:\/\/palaestra.ecn.cz\/wp-content\/uploads\/DSC02161-1024x768.jpg 1024w, http:\/\/palaestra.ecn.cz\/wp-content\/uploads\/DSC02161-624x468.jpg 624w\" sizes=\"(max-width: 300px) 100vw, 300px\" \/><\/a> <a href=\"http:\/\/palaestra.ecn.cz\/wp-content\/uploads\/DSC02164.jpg\"><img decoding=\"async\" loading=\"lazy\" class=\"alignnone size-medium wp-image-592\" src=\"http:\/\/palaestra.ecn.cz\/wp-content\/uploads\/DSC02164-300x225.jpg\" alt=\"DSC02164\" width=\"300\" height=\"225\" srcset=\"http:\/\/palaestra.ecn.cz\/wp-content\/uploads\/DSC02164-300x225.jpg 300w, http:\/\/palaestra.ecn.cz\/wp-content\/uploads\/DSC02164-1024x768.jpg 1024w, http:\/\/palaestra.ecn.cz\/wp-content\/uploads\/DSC02164-624x468.jpg 624w\" sizes=\"(max-width: 300px) 100vw, 300px\" \/><\/a> <a href=\"http:\/\/palaestra.ecn.cz\/wp-content\/uploads\/DSC02165.jpg\"><img decoding=\"async\" loading=\"lazy\" class=\"alignnone size-medium wp-image-593\" src=\"http:\/\/palaestra.ecn.cz\/wp-content\/uploads\/DSC02165-300x225.jpg\" alt=\"DSC02165\" width=\"300\" height=\"225\" srcset=\"http:\/\/palaestra.ecn.cz\/wp-content\/uploads\/DSC02165-300x225.jpg 300w, http:\/\/palaestra.ecn.cz\/wp-content\/uploads\/DSC02165-1024x768.jpg 1024w, http:\/\/palaestra.ecn.cz\/wp-content\/uploads\/DSC02165-624x468.jpg 624w\" sizes=\"(max-width: 300px) 100vw, 300px\" \/><\/a> <a href=\"http:\/\/palaestra.ecn.cz\/wp-content\/uploads\/DSC02167.jpg\"><img decoding=\"async\" loading=\"lazy\" class=\"alignnone size-medium wp-image-594\" src=\"http:\/\/palaestra.ecn.cz\/wp-content\/uploads\/DSC02167-300x225.jpg\" alt=\"DSC02167\" width=\"300\" height=\"225\" srcset=\"http:\/\/palaestra.ecn.cz\/wp-content\/uploads\/DSC02167-300x225.jpg 300w, http:\/\/palaestra.ecn.cz\/wp-content\/uploads\/DSC02167-1024x768.jpg 1024w, http:\/\/palaestra.ecn.cz\/wp-content\/uploads\/DSC02167-624x468.jpg 624w\" sizes=\"(max-width: 300px) 100vw, 300px\" \/><\/a> <a href=\"http:\/\/palaestra.ecn.cz\/wp-content\/uploads\/DSC02168.jpg\"><img decoding=\"async\" loading=\"lazy\" class=\"alignnone size-medium wp-image-595\" src=\"http:\/\/palaestra.ecn.cz\/wp-content\/uploads\/DSC02168-300x225.jpg\" alt=\"DSC02168\" width=\"300\" height=\"225\" srcset=\"http:\/\/palaestra.ecn.cz\/wp-content\/uploads\/DSC02168-300x225.jpg 300w, http:\/\/palaestra.ecn.cz\/wp-content\/uploads\/DSC02168-1024x768.jpg 1024w, http:\/\/palaestra.ecn.cz\/wp-content\/uploads\/DSC02168-624x468.jpg 624w\" sizes=\"(max-width: 300px) 100vw, 300px\" \/><\/a> <a href=\"http:\/\/palaestra.ecn.cz\/wp-content\/uploads\/DSC02170.jpg\"><img decoding=\"async\" loading=\"lazy\" class=\"alignnone size-medium wp-image-596\" src=\"http:\/\/palaestra.ecn.cz\/wp-content\/uploads\/DSC02170-300x225.jpg\" alt=\"DSC02170\" width=\"300\" height=\"225\" srcset=\"http:\/\/palaestra.ecn.cz\/wp-content\/uploads\/DSC02170-300x225.jpg 300w, http:\/\/palaestra.ecn.cz\/wp-content\/uploads\/DSC02170-1024x768.jpg 1024w, http:\/\/palaestra.ecn.cz\/wp-content\/uploads\/DSC02170-624x468.jpg 624w\" sizes=\"(max-width: 300px) 100vw, 300px\" \/><\/a> <a href=\"http:\/\/palaestra.ecn.cz\/wp-content\/uploads\/DSC02171.jpg\"><img decoding=\"async\" loading=\"lazy\" class=\"alignnone size-medium wp-image-597\" src=\"http:\/\/palaestra.ecn.cz\/wp-content\/uploads\/DSC02171-300x225.jpg\" alt=\"DSC02171\" width=\"300\" height=\"225\" srcset=\"http:\/\/palaestra.ecn.cz\/wp-content\/uploads\/DSC02171-300x225.jpg 300w, http:\/\/palaestra.ecn.cz\/wp-content\/uploads\/DSC02171-1024x768.jpg 1024w, http:\/\/palaestra.ecn.cz\/wp-content\/uploads\/DSC02171-624x468.jpg 624w\" sizes=\"(max-width: 300px) 100vw, 300px\" \/><\/a><\/strong><\/p>\n<p><strong><strong><a href=\"http:\/\/palaestra.ecn.cz\/wp-content\/uploads\/DSC02128.jpg\"><img decoding=\"async\" loading=\"lazy\" src=\"http:\/\/palaestra.ecn.cz\/wp-content\/uploads\/DSC02128-300x225.jpg\" alt=\"DSC02128\" width=\"300\" height=\"225\" \/><\/a><\/strong><\/strong><\/p>\n<p><span style=\"color: #000000;\"><b><span style=\"font-family: Verdana; font-size: small;\">\u00a02014<\/span><\/b><\/span><\/p>\n<p>V roce 2014 se n\u00e1m poda\u0159ilo \u00fasp\u011b\u0161n\u011b zrealizovat n\u011bkolik p\u0159edn\u00e1\u0161ek v oblasti sexu\u00e1ln\u00ed v\u00fdchovy, d\u00e1le jsme pokra\u010dovali v na\u0161em b\u011b\u017en\u00e9m re\u017eimu dou\u010dov\u00e1n\u00ed. Na\u0161i klienti se v\u00edce seznamovali s v\u00fdukou zdrav\u00e9 v\u00fd\u017eivy a n\u011bkte\u0159\u00ed i s p\u0159\u00edpravou na dal\u0161\u00ed stupe\u0148 vzd\u011bl\u00e1v\u00e1n\u00ed.<a href=\"http:\/\/palaestra.ecn.cz\/wp-content\/uploads\/MG_1873.jpg\"><img decoding=\"async\" loading=\"lazy\" class=\"alignnone size-medium wp-image-541\" src=\"http:\/\/palaestra.ecn.cz\/wp-content\/uploads\/MG_1873-300x199.jpg\" alt=\"_MG_1873\" width=\"300\" height=\"199\" srcset=\"http:\/\/palaestra.ecn.cz\/wp-content\/uploads\/MG_1873-300x199.jpg 300w, http:\/\/palaestra.ecn.cz\/wp-content\/uploads\/MG_1873-1024x682.jpg 1024w, http:\/\/palaestra.ecn.cz\/wp-content\/uploads\/MG_1873-624x415.jpg 624w\" sizes=\"(max-width: 300px) 100vw, 300px\" \/><\/a> <a href=\"http:\/\/palaestra.ecn.cz\/wp-content\/uploads\/MG_1875.jpg\"><img decoding=\"async\" loading=\"lazy\" class=\"alignnone size-medium wp-image-542\" src=\"http:\/\/palaestra.ecn.cz\/wp-content\/uploads\/MG_1875-300x199.jpg\" alt=\"_MG_1875\" width=\"300\" height=\"199\" srcset=\"http:\/\/palaestra.ecn.cz\/wp-content\/uploads\/MG_1875-300x199.jpg 300w, http:\/\/palaestra.ecn.cz\/wp-content\/uploads\/MG_1875-1024x682.jpg 1024w, http:\/\/palaestra.ecn.cz\/wp-content\/uploads\/MG_1875-624x415.jpg 624w\" sizes=\"(max-width: 300px) 100vw, 300px\" \/><\/a><\/p>\n<p><span style=\"color: #000000;\"><b><span style=\"font-family: Verdana; font-size: small;\">2013<\/span><\/b><\/span><\/p>\n<p>V roce 2013 se n\u00e1m poda\u0159ilo naplnit p\u0159ev\u00e1\u017en\u011b v\u0161echny c\u00edle, kter\u00e9 jsme si v minul\u00e9m roce napl\u00e1novali. K b\u011b\u017en\u00e9mu dou\u010dov\u00e1n\u00ed na\u0161ich klient\u016f jsme je\u0161t\u011b p\u0159idali nav\u00edc hodiny anglick\u00e9ho jazyka a matematiky.<\/p>\n<p><span style=\"color: #000000;\"><b><span style=\"font-family: Verdana; font-size: small;\">2012<\/span><\/b><\/span><\/p>\n<p align=\"center\"><span style=\"color: #000000;\"><a href=\"http:\/\/www.palaestra.ecn.cz\/stare\/obrazy\/foto\/2012\/vzdelani%20big%202012a.jpg\" target=\"_blank\" rel=\"noopener\"><span style=\"color: #000000;\"> <img decoding=\"async\" src=\"http:\/\/www.palaestra.ecn.cz\/stare\/obrazy\/foto\/2012\/vzdelavani%202012a.jpg\" alt=\"\" border=\"0\" \/><\/span><\/a>\u00a0 <a href=\"http:\/\/www.palaestra.ecn.cz\/stare\/obrazy\/foto\/2012\/vzdelani%20big%202012b.jpg\" target=\"_blank\" rel=\"noopener\"><span style=\"color: #000000;\"> <img decoding=\"async\" src=\"http:\/\/www.palaestra.ecn.cz\/stare\/obrazy\/foto\/2012\/vzdelavani%202012b.jpg\" alt=\"\" border=\"0\" \/><\/span><\/a><\/span><\/p>\n<p><span style=\"font-family: Verdana; font-size: small; color: #000000;\">V roce 2012 prob\u00edhalo pravideln\u00e9 st\u0159ede\u010dn\u00ed dou\u010dov\u00e1n\u00ed od 16 hodin. D\u00edky finan\u010dn\u00ed podpo\u0159e klienti absolvovali dv\u011b letn\u00ed soust\u0159ed\u011bn\u00ed, jejich\u017e sou\u010d\u00e1st\u00ed byla rovn\u011b\u017e v\u00fduka. B\u011bhem roku se na\u0161i klienti z\u00fa\u010dastnili n\u011bkolika t\u00e9matick\u00fdch p\u0159edn\u00e1\u0161ek (drogov\u00e1 problematiky, psychohygiena, \u017eivotospr\u00e1va sportovce). Nov\u011b byla nav\u00e1z\u00e1na spolupr\u00e1ce s Mgr. Hrouzkovou, kter\u00e1 p\u0159edn\u00e1\u0161ela na t\u00e9ma sexu\u00e1ln\u00ed v\u00fdchovy ml\u00e1de\u017ee.<\/span><\/p>\n<hr \/>\n<p><span style=\"color: #000000;\"><b><span style=\"font-family: Verdana; font-size: small;\">2011<\/span><\/b><\/span><\/p>\n<p align=\"center\"><span style=\"color: #000000;\"><img decoding=\"async\" src=\"http:\/\/www.palaestra.ecn.cz\/stare\/obrazy\/foto\/2011\/doucovani2011.jpg\" alt=\"\" border=\"0\" \/><\/span><\/p>\n<p><span style=\"font-family: Verdana; font-size: small; color: #000000;\">I v roce 2011 pokra\u010duje \u010dinnost vzd\u011bl\u00e1vac\u00edho centra v nezm\u011bn\u011bn\u00e9 podob\u011b, pouze do\u0161lo k p\u0159esunut\u00ed na st\u0159edu odpoledne (p\u0159izp\u016fsobeno mo\u017enostem klient\u016f). Od \u0159\u00edjna 2010 o. s. Palaestra s\u00eddl\u00ed v nov\u00fdch prostor\u00e1ch v Trojanov\u011b 7 (prostory byly poskytnuty M\u010c Praha 2), tak\u017ee dou\u010dov\u00e1n\u00ed tak\u00e9 prob\u00edh\u00e1 v nov\u00fdch prostor\u00e1ch.<\/span><\/p>\n<hr \/>\n<p><span style=\"color: #000000;\"><b><span style=\"font-family: Verdana; font-size: small;\">2010<\/span><\/b><\/span><\/p>\n<p><span style=\"font-family: Verdana; font-size: small; color: #000000;\">Provoz n\u00edzkoprahov\u00e9ho vzd\u011bl\u00e1vac\u00edho centra byl v roce 2010 op\u011bt zaji\u0161t\u011bn z dota\u010dn\u00edch zdroj\u016f Ministerstva \u0161kolstv\u00ed, a to v r\u00e1mci grantov\u00e9ho \u0159\u00edzen\u00ed &#8222;Program M\u0160MT na podporu integrace romsk\u00e9 komunity&#8220;. Dou\u010dov\u00e1n\u00ed prob\u00edhalo ka\u017ed\u00e9 \u00fater\u00fd v prostor\u00e1ch centra podle aktu\u00e1ln\u00edch pot\u0159eb klient\u016f (matematika, \u010desk\u00fd jazyk, informatika,&#8230;). D\u00e1le bylo organizov\u00e1no n\u011bkolik p\u0159edn\u00e1\u0161ek pro na\u0161e klienty (protidrogov\u00e1 prevence, zdrav\u00fd \u017eivotn\u00ed styl, stravov\u00e1n\u00ed a pitn\u00fd re\u017eim sportovce), a to jak v centru, tak v pr\u016fb\u011bhu soust\u0159ed\u011bn\u00ed mimo Prahu (v rekrea\u010dn\u00edm centru ve \u0160lovic\u00edch).<\/span><\/p>\n<hr \/>\n<p><span style=\"color: #000000;\"><b><span style=\"font-family: Verdana; font-size: small;\">2009<\/span><\/b><\/span><\/p>\n<p><span style=\"font-family: Verdana; font-size: small; color: #000000;\">Celoro\u010dn\u00ed \u010dinnost n\u00edzkoprahov\u00e9ho vzd\u011bl\u00e1vac\u00edho centra byla op\u011bt zaji\u0161t\u011bna ze zdroj\u016f M\u0160MT a to v r\u00e1mci grantov\u00e9ho \u0159\u00edzen\u00ed &#8222;Program M\u0160MT na podporu integrace romsk\u00e9 komunity v roce 2009&#8220;. Na p\u016fd\u011b centra se pravideln\u011b ka\u017ed\u00e9 \u00fater\u00fd konaly hodiny individu\u00e1ln\u00edho dou\u010dov\u00e1n\u00ed dle aktu\u00e1ln\u00edch pot\u0159eb klient\u016f (matematika, \u010desk\u00fd jazyk, informatika,&#8230;). B\u011bhem roku bylo v centru uspo\u0159\u00e1d\u00e1no i n\u011bkolik p\u0159edn\u00e1\u0161ek pro na\u0161e klienty (Sexu\u00e1ln\u00ed v\u00fdchova, Lidsk\u00e1 pr\u00e1va a problematika men\u0161\u00ed a dal\u0161\u00ed).<\/span><\/p>\n<p align=\"center\"><span style=\"color: #000000;\"><a href=\"http:\/\/www.palaestra.ecn.cz\/stare\/obrazy\/foto\/2009\/dsc00636.jpg\" target=\"_blank\" rel=\"noopener\"><span style=\"color: #000000;\"> <img decoding=\"async\" src=\"http:\/\/www.palaestra.ecn.cz\/stare\/obrazy\/foto\/2009\/dsc00636sm.jpg\" alt=\"\" border=\"0\" \/><\/span><\/a>\u00a0 <a href=\"http:\/\/www.palaestra.ecn.cz\/stare\/obrazy\/foto\/2009\/dsc00633.jpg\" target=\"_blank\" rel=\"noopener\"><span style=\"color: #000000;\"> <img decoding=\"async\" src=\"http:\/\/www.palaestra.ecn.cz\/stare\/obrazy\/foto\/2009\/dsc00633sm.jpg\" alt=\"\" border=\"0\" \/><\/span><\/a><\/span><\/p>\n<hr \/>\n<p><span style=\"color: #000000;\"><b><span style=\"font-family: Verdana; font-size: small;\">2008<\/span><\/b><\/span><\/p>\n<p><span style=\"font-family: Verdana; font-size: small; color: #000000;\">V tomto roce byla \u010dinnost vzd\u011bl\u00e1vac\u00edho centra finan\u010dn\u011b podpo\u0159ena M\u0160MT. Na p\u016fd\u011b vzd\u011bl\u00e1vac\u00edho centra bylo zaji\u0161\u0165ov\u00e1no krom\u011b dal\u0161\u00edch slu\u017eeb p\u0159edev\u0161\u00edm dou\u010dov\u00e1n\u00ed dle individu\u00e1ln\u00edch pot\u0159eb na\u0161ich klient\u016f, zvy\u0161ov\u00e1n\u00ed po\u010d\u00edta\u010dov\u00e9 gramotnosti a v\u00fduka z\u00e1klad\u016f angli\u010dtiny.<\/span><\/p>\n<p align=\"center\"><span style=\"color: #000000;\"><img decoding=\"async\" loading=\"lazy\" src=\"http:\/\/www.palaestra.ecn.cz\/stare\/obrazy\/foto\/vzdelavani2009-01.jpg\" alt=\"\" width=\"250\" height=\"188\" border=\"1\" \/>\u00a0 <img decoding=\"async\" loading=\"lazy\" src=\"http:\/\/www.palaestra.ecn.cz\/stare\/obrazy\/foto\/vzdelavani2009-02.jpg\" alt=\"\" width=\"250\" height=\"188\" border=\"1\" \/><\/span><\/p>\n<hr \/>\n<p><span style=\"color: #000000;\"><b><span style=\"font-family: Verdana; font-size: small;\">2007<\/span><\/b><\/span><\/p>\n<p><span style=\"font-family: Verdana; font-size: small; color: #000000;\">V leto\u0161n\u00edm roce pokra\u010duje na\u0161e snaha p\u0159isp\u011bt ke vzd\u011bl\u00e1v\u00e1n\u00ed na\u0161ich klient\u016f. V r\u00e1mci snahy o komplexn\u00ed p\u016fsoben\u00ed na n\u011b, se pod\u00edl\u00edme i na jejich p\u0159\u00edprav\u011b do \u0161koly. Nav\u00e1zali jsme na \u010dinnost v minul\u00e9m roce (prob\u00edhala psychodiagnostika a individu\u00e1ln\u00ed dou\u010dov\u00e1n\u00ed). Nyn\u00ed se kon\u00e1 jedenkr\u00e1t t\u00fddn\u011b dou\u010dov\u00e1n\u00ed skupinov\u00e9. Klient\u016fm jsou d\u00e1le k dispozici osobn\u00ed po\u010d\u00edta\u010de a je zvy\u0161ov\u00e1na jejich po\u010d\u00edta\u010dov\u00e1 gramotnost.<\/span><\/p>\n<p align=\"center\"><span style=\"color: #000000;\"><b><span style=\"font-family: Verdana; font-size: small;\"> <img decoding=\"async\" src=\"http:\/\/www.palaestra.ecn.cz\/stare\/obrazy\/foto\/vzdelavani02.jpg\" alt=\"\" border=\"1\" hspace=\"10\" vspace=\"5\" \/><\/span><\/b><\/span><\/p>\n<hr \/>\n<p><span style=\"color: #000000;\"><b><span style=\"font-family: Verdana; font-size: small;\">2006<\/span><\/b><\/span><\/p>\n<p><span style=\"font-family: Verdana; font-size: small; color: #000000;\">O.s. Palaestra vyu\u017e\u00edvala ke vzd\u011bl\u00e1v\u00e1n\u00ed sv\u00fdch \u010dlen\u016f dobrovoln\u00edky, kte\u0159\u00ed jsou zakomponov\u00e1n\u00ed v projektu Podpora \u00fasp\u011b\u0161n\u00e9 \u0161koln\u00ed integrace d\u011bt\u00ed ze soci\u00e1ln\u011b slab\u00e9ho prost\u0159ed\u00ed <a href=\"http:\/\/palaestra.ecn.cz\/?page_id=62\"><span style=\"color: #000000;\">viz. kapitola Soci\u00e1ln\u00ed oblast<\/span><\/a>. Tento projekt v leto\u0161n\u00edm roce podpo\u0159ila Rada vl\u00e1dy pro z\u00e1le\u017eitosti romsk\u00e9 komunity prost\u0159ednictv\u00edm MPSV.<\/span><\/p>\n<p><span style=\"font-family: Verdana; font-size: small; color: #000000;\">Do budoucna by na\u0161e organizace r\u00e1da v tomto syst\u00e9mu propojen\u00ed volno\u010dasov\u00fdch aktivit a vzd\u011bl\u00e1v\u00e1n\u00ed na\u0161ich \u010dlen\u016f pokra\u010dovala. Na konci leto\u0161n\u00edho roku jsme obdr\u017eeli certifik\u00e1t od MV podle n\u011bj\u017e jsme opr\u00e1vn\u011bni vyu\u017e\u00edvat \u010dinnosti dobrovoln\u00edk\u016f.<\/span><\/p>\n","protected":false},"excerpt":{"rendered":"<p>N\u00e1\u0161 spolek podepsal na sklonku roku 2019 smlouvu o spolupr\u00e1ci s ROM Praha z.s. Tato smlouva je k zaji\u0161t\u011bn\u00ed realizace projektu Spole\u010dn\u011b rozv\u00edj\u00edme romskou ob\u010danskou spole\u010dnost. V r\u00e1mci programu LP- Program Lidsk\u00e1 pr\u00e1va spolufinancovan\u00e9ho z Finan\u010dn\u00edch mechanizm\u016f Norsk\u00e9 fondy 2014 &#8211; 2021. Poskytovatelem finan\u010dn\u00edch prost\u0159edk\u016f na realizaci Projektu je Ministerstvo financ\u00ed \u010cR. V\u00edce informac\u00ed naleznete [&hellip;]<\/p>\n","protected":false},"author":1,"featured_media":0,"parent":0,"menu_order":3,"comment_status":"open","ping_status":"open","template":"page-templates\/full-width.php","meta":{"footnotes":""},"_links":{"self":[{"href":"http:\/\/palaestra.ecn.cz\/index.php?rest_route=\/wp\/v2\/pages\/64"}],"collection":[{"href":"http:\/\/palaestra.ecn.cz\/index.php?rest_route=\/wp\/v2\/pages"}],"about":[{"href":"http:\/\/palaestra.ecn.cz\/index.php?rest_route=\/wp\/v2\/types\/page"}],"author":[{"embeddable":true,"href":"http:\/\/palaestra.ecn.cz\/index.php?rest_route=\/wp\/v2\/users\/1"}],"replies":[{"embeddable":true,"href":"http:\/\/palaestra.ecn.cz\/index.php?rest_route=%2Fwp%2Fv2%2Fcomments&post=64"}],"version-history":[{"count":27,"href":"http:\/\/palaestra.ecn.cz\/index.php?rest_route=\/wp\/v2\/pages\/64\/revisions"}],"predecessor-version":[{"id":821,"href":"http:\/\/palaestra.ecn.cz\/index.php?rest_route=\/wp\/v2\/pages\/64\/revisions\/821"}],"wp:attachment":[{"href":"http:\/\/palaestra.ecn.cz\/index.php?rest_route=%2Fwp%2Fv2%2Fmedia&parent=64"}],"curies":[{"name":"wp","href":"https:\/\/api.w.org\/{rel}","templated":true}]}}